176. Suppose -3*i = 5*x + m, -2*x + 8 = -i - 3*x. Calculate v(i).
-4
Let v(s) = 3 + 0 + 3*s - 2 - s. Let q(m) = -m**2 + 5*m + 3. Let b(l) = 2*q(l) - 5*v(l). Calculate b(1).
-1
Let s(y) = 16 - 35*y - 13 - 19 - 1 + 5*y**2. Let c(a) = 2*a**2 - 12*a - 6. Let u(m) = 8*c(m) - 3*s(m). Determine u(-8).
-5
Let d = -12 - -18. Suppose x + 2*w + 4 = 0, x - d*x + 16 = w. Let y(b) = 2*b - 6. Calculate y(x).
2
Let j = -5 - -7. Let f(g) = j + 2*g - 6*g + g + 3. Calculate f(5).
-10
Let u(p) = -4*p**2 - 5 - 5 + 20 + p**3 - 3. What is u(4)?
7
Let g(i) = -i - 26. Suppose 3*c - 3 = m, -2*c + 19*m + 12 = 15*m. Determine g(c).
-26
Let c = 1 - -1. Suppose -y - c*y - 14 = w, -4 = y. Let a(g) = -g**3 - 3*g**2 - 3*g - 1. What is a(w)?
1
Let o(r) be the second derivative of -r**4/12 - 5*r**3/6 + r**2 + r - 23. Suppose -2*t - b - 8 = -0*t, 0 = -5*t + 5*b - 50. Calculate o(t).
-4
Suppose 0 = -2*d + d + 1. Let i(x) = -2 - 8*x + 4 + d - 2. Let h = 13 - 12. Calculate i(h).
-7
Let h = 11 + -17. Let j(p) = -p**3 + 22*p**2 - 39*p - 18. Let f be j(20). Let n(o) = 16 + f*o - 3*o - 16. What is n(h)?
6
Let p(s) = -4*s + 40. Let q(r) = 2*r - 21. Let v(g) = -6*p(g) - 11*q(g). Determine v(-2).
-13
Let d(a) be the third derivative of 5*a**4/24 - a**3/2 - 2*a**2. Let z(j) = -j**2 - 7*j - 4. Let p be z(-6). Calculate d(p).
7
Let o(f) = -f. Let g be (-1)/(-4 + 4 + 1). Let k(l) = -l**3 + 5*l**2 + 5*l + 5. Let h be k(6). Let m(i) = 1. Let q(j) = g*o(j) + h*m(j). What is q(1)?
0
Let l(m) = 5*m + 5*m - 12*m + 0*m - 4. What is l(8)?
-20
Let f(r) = -r**2 + r - 2. Let s(c) = -c**3 - 5*c**2 + 4*c - 3. Let z be s(-6). Let a(h) = 3*h**2 - 3*h + 9. Let g(m) = z*f(m) + 2*a(m). Determine g(2).
-6
Let i(d) = 22 - 28*d**2 - 20*d + 53*d**2 - 47*d**2 - d**3. Give i(-21).
1
Let g(d) = -d + 2. Let s(h) = -3*h - 8. Let x(c) = 8*c + 23. Let o(p) = -11*s(p) - 4*x(p). Let w(r) = -7*g(r) - 4*o(r). Give w(5).
17
Let h(a) be the second derivative of 0 + 5/12*a**4 + 2/3*a**3 + 3*a**2 - 1/20*a**5 + 22*a. Calculate h(6).
-6
Let h(t) = t - 7. Let x = 57 + -65. Let q be (-4)/x - (-26)/4. Calculate h(q).
0
Let r(m) = m**2 + 8*m + 9. Let g = 240 - 245. Determine r(g).
-6
Let y(t) = t**2 - t - 10. Suppose 38*l - 25 = 43*l. What is y(l)?
20
Suppose 3*x = 2*l + 31, 3*x - 2*x - 4*l - 27 = 0. Let r(b) = x*b + 10 - 9*b + 9*b**2 - b**3 + 2. Let a be r(9). Let j(h) = h + 6. What is j(a)?
0
Suppose 0 = -2*u - g + 6, 0 = u - 2*g - 10 + 2. Suppose -u*a - 2 = 2. Let o(m) = 0*m**2 - 1 - m - m**2 + 0*m. Determine o(a).
-1
Let z = -6 + 5. Let q = z - -5. Let k be 2*6*1/q. Let a(m) = -m**3 + 3*m**2 - 3*m + 3. Determine a(k).
-6
Suppose -9 = 3*c + i, -3*i = 5*c - 0*i + 15. Let b(h) = -h**2 + 6*h + 3. Let v(r) = -3*r**2 + 19*r + 8. Let s(w) = c*v(w) + 8*b(w). Determine s(8).
-8
Let p(b) = 2*b + b**3 - 2 - b**2 - 4*b**2 + 3. Let r = 111 + -109. Let l = r - 0. Determine p(l).
-7
Let c(t) = t**3 + 4*t**2 - 5*t - 1. Let x = 294 + -299. Calculate c(x).
-1
Let h(o) = -o - 4. Let i(k) = -2*k + 35. Let z(b) = b - 17. Let j(t) = 3*i(t) + 7*z(t). Let l be j(11). Calculate h(l).
-1
Let c(o) = 5*o - 11. Suppose 16*s - 18 = 46. What is c(s)?
9
Let p(t) = -t - 8. Let n be p(-10). Let k(v) = -6*v - v**2 + 2 - 6*v**3 + 7*v**n + 5*v**3. Let m be 2/(0 + 1/2) - -1. Give k(m).
-3
Let k(a) be the second derivative of a**3/2 - 5*a**2/2 + 135*a. Give k(2).
1
Let x(c) = -6*c. Let b(r) = 1 - 13*r + 15*r - 9*r. Let h(q) = 5*b(q) - 6*x(q). Determine h(-5).
0
Let t = -382 - -384. Let w(g) = -g**2 + g - 1. What is w(t)?
-3
Let m be (3/15)/(1/5). Let t = m - 6. Let d(l) = l**3 + 4*l**2 - 6*l + 5. Determine d(t).
10
Suppose -4*o = 2*f - 26, 0 = -3*o + 6*o + 2*f - 22. Let l(u) be the second derivative of 1/3*u**3 + 0 - 3*u + 3/4*u**o + 1/2*u**2. What is l(-1)?
8
Let h = 356 - 360. Let n = 2 + 0. Let p(y) = y**2 + 0*y**2 - 5*y - n*y**2 - 4. Determine p(h).
0
Suppose -3*f + 27 = 6. Let h(t) = 4*t - 29. Let d be h(f). Let o(p) = p. Calculate o(d).
-1
Suppose -1 = w - 5*j - 0, 0 = 5*j + 10. Let p(d) = -d**3 - 6*d**2 - 6*d + 4. Let l(h) = 6*h**3 + 31*h**2 + 30*h - 19. Let i(m) = w*p(m) - 2*l(m). Give i(5).
-1
Let o(a) be the third derivative of -a**8/2520 + a**6/720 - 11*a**5/15 + 40*a**2. Let b(i) be the third derivative of o(i). Give b(1).
-7
Let d(u) = 14*u**2 + 9*u - 5. Let j(h) = -26*h**2 - 17*h + 11. Let q(x) = -11*d(x) - 6*j(x). What is q(-5)?
24
Suppose -2*r + 1 = -r. Let c(z) = 16*z**2 - z. Determine c(r).
15
Let n(b) = -6*b - 41. Suppose -10*a - 66 = a. Let c be n(a). Let d(g) = -g - 3. Calculate d(c).
2
Let t(j) = -2*j - 9. Let q be t(-6). Let i(o) = 7*o. Let p(f) = 18*f - 1. Let w(v) = 7*i(v) - 3*p(v). What is w(q)?
-12
Let f(i) = 43*i**2 - 28*i**2 - 23*i**2 - 6*i - i**3 - 5. Suppose -4*j - 19 = b, -4*b + 2*j = -0*j + 22. Determine f(b).
-12
Let i(v) = 0 + v**2 - 1 - 1600*v - 4 + 1607*v. What is i(-8)?
3
Suppose 3*a - 4*a - 3*l + 10 = 0, -11 = 4*a - 5*l. Let s(f) = 3*f - 2. Let c be s(a). Let b(g) = 4*g - g + 3*g + c + g**2. Determine b(-6).
1
Let j(x) be the first derivative of -x**2/2 + 10*x - 10. Suppose r = 4*r - 21. Give j(r).
3
Let k(c) = 2*c**3 + 2*c**2 - 4*c + 3. Let f(o) = -7*o**2 + 11*o + 8. Let j(m) = -6*m**2 + 10*m + 7. Let l(i) = -5*f(i) + 6*j(i). Let t be l(5). Give k(t).
19
Let d(j) = 5*j + 27 + 6*j - j - 13*j + 25. Give d(19).
-5
Let p be (-1)/3 - 68/12. Let v(g) be the third derivative of 4*g**2 + 0 + 5/6*g**3 + 1/24*g**4 + 0*g. Calculate v(p).
-1
Let y(j) = 2*j. Let n be y(3). Let f(c) = -17*c**2 + 22*c + 15. Let z(u) = 7*u**2 - 10*u - 7. Let p(o) = -2*f(o) - 5*z(o). What is p(n)?
5
Let i(q) = -17*q**2 - q. Let z = 802 - 801. Give i(z).
-18
Suppose -3*x + 15 = 3*h, 2*x = 2*h + 2*h - 20. Let v(s) = -s**2 - s. What is v(x)?
0
Suppose -2*c + 0*c = -4. Let m(k) = -3*k**2 + 3*k**c + k + 1 + 2*k**2. Calculate m(-1).
2
Let b(v) = v - 8. Suppose 3*o = -9, -35*c + 36*c + 5*o + 9 = 0. Give b(c).
-2
Suppose 0 = -2*a + 7*a. Suppose 4*b = -a + 4. Let n(z) = z - 4. Let m(d) = 2*d - 11. Let y(g) = 3*m(g) - 8*n(g). Give y(b).
-3
Let k(n) = -3*n - 1. Let f(u) = u. Let d(x) = 7*f(x) + 4*k(x). Suppose 5*g + 29 = -3*j, 2*g + 2*j + 7 = -7. Calculate d(g).
16
Let v(z) = 2*z + 9. Let s(c) = c. Let g(o) = 4*s(o) - v(o). Calculate g(-8).
-25
Let q(n) = 4*n**2 - 2*n + 5. Let j(p) = 43*p**2 - p + p - 44*p**2. Let a(t) = -3*j(t) - q(t). Let r(z) be the first derivative of a(z). Calculate r(5).
-8
Let c(z) be the third derivative of z**4/24 - z**3/3 - 70*z**2. Give c(7).
5
Suppose 0 = 5*n - 15 - 10. Suppose 3*d + 0*d = -5*c + 18, -30 = -5*d - 3*c. Let l(y) = 2*y**2 + 1 - y**2 - 4*y - d. What is l(n)?
0
Suppose 0 = -2*g - 4*r - 8, -2*g + 16 = -5*r + r. Let z(i) = i**3 + i**2 - 4*i + 3. Calculate z(g).
7
Let y(r) = 4*r**2 - 2*r + 5. Suppose 0 = 2*i + 1 - 21. Let g(f) = 10*f**2 - 8*f + 11 + 7*f**2 + i. Let m(s) = 2*g(s) - 9*y(s). What is m(2)?
-7
Let n(b) = -b**3 + 7*b**2 - 13*b + 6. Let o(t) = -45*t + 409. Let g be o(9). Calculate n(g).
2
Let o(k) = 6*k**2 + 8*k + 1. Let z(j) = j**2 + 2*j - 1. Let v(s) = o(s) - 2*z(s). Give v(-2).
11
Suppose 0*j - 5*y = 2*j + 5, 13 = -3*j - 2*y. Let k = -4 - j. Suppose -p - 3 = -k. Let w(r) = -r**3 + r**2 + 2*r. Calculate w(p).
8
Let x(r) be the third derivative of r**5/60 + 7*r**4/24 + 7*r**3/6 - r**2. Suppose -n - 29 = -2*n. Suppose 4*m + 5*p + 35 = -5, -p - n = 5*m. Calculate x(m).
-3
Let d(h) = h**3 + 2*h**2 - h. Let t(q) = -1. Let j(w) = 14*w - 46. Let n(f) = -j(f) - 8*t(f). Let c be n(4). Determine d(c).
2
Let i(m) be the third derivative of m**5/60 - m**4/24 - m**3/2 + 27*m**2 - 1. Calculate i(-3).
9
Let j(r) = -11*r - 5. Let h(x) = 17*x + 8. Suppose 10 = 3*f - 5*f, -2*v - f - 21 = 0. Let n(d) = v*j(d) - 5*h(d). Give n(1).
3
Let t(a) = a**3 + 2*a**2 + a + 1. Let j(v) = 2*v**3 + 5*v**2 + 3*v + 11. Let b(w) = -j(w) + 3*t(w). Calculate b(0).
-8
Let c(d) = -d**2 + 8. Let j = 235 + -235. Give c(j).
8
Let k(w) = 16*w - 4. Let m(l) = -l**3 - 18*l**2 + 23*l + 73. Let i be m(-19). Determine k(i).
-52
Let s(k) be the first derivative of k**5/20 + 7*k**4/12 - k**2/2 - 6*k - 1. Let t(r) be the first derivative of s(r). Give t(-7).
-1
Let b(j) = -2*j + 0 + 0. Let p = 27 + -25. Let i(y) = -3*y + 4. Let o be i(p). Determine b(o).
4
Let y = 6 + -4. Let v(r) = -r + 5*r + 5 - y*r. Let x(m) = m**2 - 12*m - 5. Let o be x(12). What is v(o)?
-5
Let k(q)